{"id":13,"date":"2023-07-10T12:17:08","date_gmt":"2023-07-10T10:17:08","guid":{"rendered":"https:\/\/notreetoile.fr\/?page_id=13"},"modified":"2023-08-10T08:07:20","modified_gmt":"2023-08-10T06:07:20","slug":"accueil","status":"publish","type":"page","link":"https:\/\/notreetoile.fr\/","title":{"rendered":"Accueil"},"content":{"rendered":"<div class=\"u-col-xs-3 UserProfile-avatar\"><\/div>\n<div class=\"u-col-xs-9 UserProfile-infos\">\n<h1 class=\"Typo-h1 UserProfile-infos-name\" style=\"text-align: center;\">Astronomie<\/h1>\n<div class=\"UserProfile-infos-bio\"><\/div>\n<p><a href=\"https:\/\/notreetoile.fr\/wp-content\/uploads\/2023\/07\/Terre-depuis-anneaux-saturne.jpg\"><img loading=\"lazy\" decoding=\"async\" class=\"aligncenter wp-image-62 size-full\" src=\"https:\/\/notreetoile.fr\/wp-content\/uploads\/2023\/07\/Terre-depuis-anneaux-saturne.jpg\" alt=\"\" width=\"750\" height=\"422\" srcset=\"https:\/\/notreetoile.fr\/wp-content\/uploads\/2023\/07\/Terre-depuis-anneaux-saturne.jpg 750w, https:\/\/notreetoile.fr\/wp-content\/uploads\/2023\/07\/Terre-depuis-anneaux-saturne-300x169.jpg 300w, https:\/\/notreetoile.fr\/wp-content\/uploads\/2023\/07\/Terre-depuis-anneaux-saturne-528x297.jpg 528w\" sizes=\"auto, (max-width: 750px) 100vw, 750px\" \/><\/a><\/p>\n<p><strong>&#8220;La Terre est une toute petite sc\u00e8ne dans une vaste ar\u00e8ne cosmique&#8221; <\/strong>disait Carl Sagan, qui savait mieux que personne combien l&#8217;astronomie pouvait provoquer de vives et profondes \u00e9motions.<\/p>\n<p>Au-del\u00e0 des \u00e9poustouflantes photos de galaxies et de n\u00e9buleuses, l&#8217;astronomie nous permet de consid\u00e9rer l&#8217;Univers, les lois de la Nature et la place que nous occupons dans cette derni\u00e8re.<\/p>\n<p>C&#8217;est la premi\u00e8re des sciences, au croisement de la physique, des sciences de la vie et de la Terre et des math\u00e9matiques : elle est \u00e0 l&#8217;origine des civilisations aux calendriers b\u00e2tis sur l&#8217;observation des astres.<\/p>\n<\/div>\n<p>L&#8217;astronomie ne d\u00e9signe pas d&#8217;\u00e9tranges mondes lointains et inaccessibles : elle \u00e9claire la nuit de plan\u00e8tes et d&#8217;\u00e9toiles qui racontent notre histoire !<\/p>\n<p>&nbsp;<\/p>\n<p>&nbsp;<\/p>\n<p>Cr\u00e9dit photo : JPL, Nasa (mission Cassini). <em>Le petit point bleut\u00e9 sous les anneaux de Saturne, c&#8217;est la Terre. <\/em><\/p>\n","protected":false},"excerpt":{"rendered":"<p>Astronomie &#8220;La Terre est une toute petite sc\u00e8ne dans une vaste ar\u00e8ne cosmique&#8221; disait Carl Sagan, qui savait mieux que personne combien l&#8217;astronomie pouvait provoquer de vives et profondes \u00e9motions. Au-del\u00e0 des \u00e9poustouflantes photos de galaxies et de n\u00e9buleuses, l&#8217;astronomie nous permet de consid\u00e9rer l&#8217;Univers, les lois de la Nature et la place que nous [&hellip;]<\/p>\n","protected":false},"author":1,"featured_media":0,"parent":0,"menu_order":0,"comment_status":"closed","ping_status":"closed","template":"","meta":{"footnotes":""},"class_list":["post-13","page","type-page","status-publish","czr-hentry"],"_links":{"self":[{"href":"https:\/\/notreetoile.fr\/index.php?rest_route=\/wp\/v2\/pages\/13","targetHints":{"allow":["GET"]}}],"collection":[{"href":"https:\/\/notreetoile.fr\/index.php?rest_route=\/wp\/v2\/pages"}],"about":[{"href":"https:\/\/notreetoile.fr\/index.php?rest_route=\/wp\/v2\/types\/page"}],"author":[{"embeddable":true,"href":"https:\/\/notreetoile.fr\/index.php?rest_route=\/wp\/v2\/users\/1"}],"replies":[{"embeddable":true,"href":"https:\/\/notreetoile.fr\/index.php?rest_route=%2Fwp%2Fv2%2Fcomments&post=13"}],"version-history":[{"count":28,"href":"https:\/\/notreetoile.fr\/index.php?rest_route=\/wp\/v2\/pages\/13\/revisions"}],"predecessor-version":[{"id":98,"href":"https:\/\/notreetoile.fr\/index.php?rest_route=\/wp\/v2\/pages\/13\/revisions\/98"}],"wp:attachment":[{"href":"https:\/\/notreetoile.fr\/index.php?rest_route=%2Fwp%2Fv2%2Fmedia&parent=13"}],"curies":[{"name":"wp","href":"https:\/\/api.w.org\/{rel}","templated":true}]}}