{"id":20,"date":"2023-07-10T12:21:08","date_gmt":"2023-07-10T10:21:08","guid":{"rendered":"https:\/\/notreetoile.fr\/?page_id=20"},"modified":"2023-07-10T12:21:08","modified_gmt":"2023-07-10T10:21:08","slug":"partenariat-avec-le-lsbb","status":"publish","type":"page","link":"https:\/\/notreetoile.fr\/?page_id=20","title":{"rendered":"PARTENARIAT AVEC LE LSBB"},"content":{"rendered":"<h1 class=\"ob-h2 Post-title\">PARTENARIAT AVEC LE LSBB ! EMMENEZ VOS CLASSES VISITER LE LABO D&#8217;ONDES GRAVITATIONNELLES DU VAUCLUSE !<\/h1>\n<p class=\"Post-date\">4 MAI 2023<\/p>\n<p class=\"Post-author\">R\u00e9dig\u00e9 par Brice Haziza et publi\u00e9 depuis Overblog<\/p>\n<div class=\"Post-body\">\n<div class=\"ob-sections\">\n<div class=\"ob-section ob-section-html \">\n<p><strong>Nouvelle intervention en deux temps pour les classes de lyc\u00e9e :<\/strong><\/p>\n<p><u>Je propose d&#8217;abord une conf\u00e9rence participative sur les ondes gravitationnelles<\/u>. Leur d\u00e9tection en 2015 a \u00e9t\u00e9 l&#8217;une des plus grandes actualit\u00e9s scientifiques de ces derni\u00e8res ann\u00e9es : pr\u00e9dites par Einstein il y a cent ans, elles semblaient inaccessibles \u00e0 la d\u00e9tection. Mais l&#8217;installation de bras g\u00e9ants (interf\u00e9rom\u00e8tres) perpendiculaires parcourus par un laser a permis d&#8217;atteindre la sensibilit\u00e9 n\u00e9cessaire : soit mille fois moins que la taille d&#8217;un atome !<\/p>\n<p>Ainsi, le 14 septembre 2015, l&#8217;humanit\u00e9 captait le signal en ondes gravitationnelles de deux trous noirs ayant fusionn\u00e9.<\/p>\n<p>Cette conf\u00e9rence m\u00ealant physique, astronomie et ing\u00e9nierie s&#8217;adresse donc \u00e0 un public ayant d\u00e9j\u00e0 travaill\u00e9 sur les ondes (m\u00e9caniques et \u00e9lectromagn\u00e9tiques) en classe, soit plut\u00f4t \u00e0 des Premi\u00e8res et Terminales.<\/p>\n<p><u>La seconde partie de l&#8217;intervention se fera donc directement sur le site du Laboratoire Souterrain \u00e0 Bas Bruit<\/u>, car nous avons la chance de poss\u00e9der un tel interf\u00e9rom\u00e8tre pr\u00e8s de chez nous\u00a0 (Rustrel) !<\/p>\n<figure class=\"image-align-center\"><img decoding=\"async\" src=\"https:\/\/image.over-blog.com\/tVhGvtq7aO-_dJZh5fLXqLolQsg=\/filters:no_upscale()\/image%2F6829215%2F20230504%2Fob_de21cc_lsbb-tunnel.jpg\" alt=\"\" data-amp-height=\"431\" data-amp-width=\"1024\" \/><\/figure>\n<figure class=\"image-align-center\"><img decoding=\"async\" src=\"https:\/\/image.over-blog.com\/Mkva6bvCwDuzgTK7PDcuNK5k2rI=\/filters:no_upscale()\/image%2F6829215%2F20230504%2Fob_f37fab_logolsbb.jpg\" alt=\"\" data-amp-height=\"573\" data-amp-width=\"1600\" \/><\/figure>\n<p>&nbsp;<\/p>\n<\/div>\n<\/div>\n<\/div>\n","protected":false},"excerpt":{"rendered":"<p>PARTENARIAT AVEC LE LSBB ! EMMENEZ VOS CLASSES VISITER LE LABO D&#8217;ONDES GRAVITATIONNELLES DU VAUCLUSE ! 4 MAI 2023 R\u00e9dig\u00e9 par Brice Haziza et publi\u00e9 depuis Overblog Nouvelle intervention en deux temps pour les classes de lyc\u00e9e : Je propose d&#8217;abord une conf\u00e9rence participative sur les ondes gravitationnelles. Leur d\u00e9tection en 2015 a \u00e9t\u00e9 l&#8217;une [&hellip;]<\/p>\n","protected":false},"author":1,"featured_media":0,"parent":0,"menu_order":0,"comment_status":"closed","ping_status":"closed","template":"","meta":{"footnotes":""},"class_list":["post-20","page","type-page","status-publish","czr-hentry"],"_links":{"self":[{"href":"https:\/\/notreetoile.fr\/index.php?rest_route=\/wp\/v2\/pages\/20","targetHints":{"allow":["GET"]}}],"collection":[{"href":"https:\/\/notreetoile.fr\/index.php?rest_route=\/wp\/v2\/pages"}],"about":[{"href":"https:\/\/notreetoile.fr\/index.php?rest_route=\/wp\/v2\/types\/page"}],"author":[{"embeddable":true,"href":"https:\/\/notreetoile.fr\/index.php?rest_route=\/wp\/v2\/users\/1"}],"replies":[{"embeddable":true,"href":"https:\/\/notreetoile.fr\/index.php?rest_route=%2Fwp%2Fv2%2Fcomments&post=20"}],"version-history":[{"count":1,"href":"https:\/\/notreetoile.fr\/index.php?rest_route=\/wp\/v2\/pages\/20\/revisions"}],"predecessor-version":[{"id":21,"href":"https:\/\/notreetoile.fr\/index.php?rest_route=\/wp\/v2\/pages\/20\/revisions\/21"}],"wp:attachment":[{"href":"https:\/\/notreetoile.fr\/index.php?rest_route=%2Fwp%2Fv2%2Fmedia&parent=20"}],"curies":[{"name":"wp","href":"https:\/\/api.w.org\/{rel}","templated":true}]}}