{"id":23,"date":"2023-07-10T12:22:20","date_gmt":"2023-07-10T10:22:20","guid":{"rendered":"https:\/\/notreetoile.fr\/?page_id=23"},"modified":"2023-09-27T19:34:57","modified_gmt":"2023-09-27T17:34:57","slug":"interventions-en-etablissements-scolaires","status":"publish","type":"page","link":"https:\/\/notreetoile.fr\/?page_id=23","title":{"rendered":"INTERVENTIONS EN \u00c9TABLISSEMENTS SCOLAIRES"},"content":{"rendered":"<div class=\"Post-body\">\n<div class=\"ob-sections\">\n<div class=\"ob-section ob-section-html \">\n<figure class=\"image-align-center\"><a href=\"https:\/\/notreetoile.fr\/wp-content\/uploads\/2023\/08\/Conquete-spatiale-Le-Mourion-2023.png\"><img loading=\"lazy\" decoding=\"async\" class=\"wp-image-99 alignnone\" src=\"https:\/\/notreetoile.fr\/wp-content\/uploads\/2023\/08\/Conquete-spatiale-Le-Mourion-2023-300x212.png\" alt=\"\" width=\"448\" height=\"316\" srcset=\"https:\/\/notreetoile.fr\/wp-content\/uploads\/2023\/08\/Conquete-spatiale-Le-Mourion-2023-300x212.png 300w, https:\/\/notreetoile.fr\/wp-content\/uploads\/2023\/08\/Conquete-spatiale-Le-Mourion-2023-1024x724.png 1024w, https:\/\/notreetoile.fr\/wp-content\/uploads\/2023\/08\/Conquete-spatiale-Le-Mourion-2023-768x543.png 768w, https:\/\/notreetoile.fr\/wp-content\/uploads\/2023\/08\/Conquete-spatiale-Le-Mourion-2023.png 1123w\" sizes=\"auto, (max-width: 448px) 100vw, 448px\" \/>\u00a0 <\/a><a href=\"https:\/\/notreetoile.fr\/wp-content\/uploads\/2023\/08\/Periscolaire-Mistral-CM2.jpg\"><img loading=\"lazy\" decoding=\"async\" class=\"alignnone wp-image-139\" src=\"https:\/\/notreetoile.fr\/wp-content\/uploads\/2023\/08\/Periscolaire-Mistral-CM2-300x150.jpg\" alt=\"\" width=\"632\" height=\"316\" srcset=\"https:\/\/notreetoile.fr\/wp-content\/uploads\/2023\/08\/Periscolaire-Mistral-CM2-300x150.jpg 300w, https:\/\/notreetoile.fr\/wp-content\/uploads\/2023\/08\/Periscolaire-Mistral-CM2-768x384.jpg 768w, https:\/\/notreetoile.fr\/wp-content\/uploads\/2023\/08\/Periscolaire-Mistral-CM2.jpg 832w\" sizes=\"auto, (max-width: 632px) 100vw, 632px\" \/><\/a><\/figure>\n<p>Ces interventions peuvent prendre la forme d&#8217;un atelier manuel, d&#8217;une pr\u00e9sentation vid\u00e9o-projet\u00e9e avec un mat\u00e9riel p\u00e9dagogique original, d&#8217;une projection avec un puissant logiciel de simulation du ciel et de l&#8217;espace, ou d&#8217;une conf\u00e9rence.<\/p>\n<p><a href=\"https:\/\/notreetoile.fr\/?page_id=142\">Ateliers manuels<\/a><\/p>\n<p><a href=\"https:\/\/notreetoile.over-blog.com\/2022\/03\/interventions-et-conferences-pour-colleges-et-lycees.html\">Lien vers les interventions pour Coll\u00e8ges et Lyc\u00e9es<\/a>.<\/p>\n<p><a href=\"https:\/\/notreetoile.over-blog.com\/2022\/03\/interventions-en-classes-de-primaire.html\">Lien vers les interventions pour classes de Primaire<\/a>.<\/p>\n<p><a href=\"https:\/\/notreetoile.over-blog.com\/2022\/03\/interventions-pour-les-grandes-sections.html\">Lien vers les interventions pour Grandes Sections<\/a>.<\/p>\n<\/div>\n<\/div>\n<\/div>\n","protected":false},"excerpt":{"rendered":"<p>\u00a0 Ces interventions peuvent prendre la forme d&#8217;un atelier manuel, d&#8217;une pr\u00e9sentation vid\u00e9o-projet\u00e9e avec un mat\u00e9riel p\u00e9dagogique original, d&#8217;une projection avec un puissant logiciel de simulation du ciel et de l&#8217;espace, ou d&#8217;une conf\u00e9rence. Ateliers manuels Lien vers les interventions pour Coll\u00e8ges et Lyc\u00e9es. Lien vers les interventions pour classes de Primaire. Lien vers les [&hellip;]<\/p>\n","protected":false},"author":1,"featured_media":0,"parent":0,"menu_order":0,"comment_status":"closed","ping_status":"closed","template":"","meta":{"footnotes":""},"class_list":["post-23","page","type-page","status-publish","czr-hentry"],"_links":{"self":[{"href":"https:\/\/notreetoile.fr\/index.php?rest_route=\/wp\/v2\/pages\/23","targetHints":{"allow":["GET"]}}],"collection":[{"href":"https:\/\/notreetoile.fr\/index.php?rest_route=\/wp\/v2\/pages"}],"about":[{"href":"https:\/\/notreetoile.fr\/index.php?rest_route=\/wp\/v2\/types\/page"}],"author":[{"embeddable":true,"href":"https:\/\/notreetoile.fr\/index.php?rest_route=\/wp\/v2\/users\/1"}],"replies":[{"embeddable":true,"href":"https:\/\/notreetoile.fr\/index.php?rest_route=%2Fwp%2Fv2%2Fcomments&post=23"}],"version-history":[{"count":9,"href":"https:\/\/notreetoile.fr\/index.php?rest_route=\/wp\/v2\/pages\/23\/revisions"}],"predecessor-version":[{"id":160,"href":"https:\/\/notreetoile.fr\/index.php?rest_route=\/wp\/v2\/pages\/23\/revisions\/160"}],"wp:attachment":[{"href":"https:\/\/notreetoile.fr\/index.php?rest_route=%2Fwp%2Fv2%2Fmedia&parent=23"}],"curies":[{"name":"wp","href":"https:\/\/api.w.org\/{rel}","templated":true}]}}